n base 5?
232
What is 13 (base 5) in base 13?
8
Convert 3 (base 14) to base 5.
3
-348 (base 10) to base 3
-110220
2 (base 11) to base 2
10
-8 (base 10) to base 15
-8
5 (base 7) to base 10
5
What is -6 (base 16) in base 8?
-6
Convert -2 (base 14) to base 8.
-2
What is 5 (base 7) in base 5?
10
4 (base 14) to base 7
4
Convert 9 (base 11) to base 16.
9
Convert -4 (base 10) to base 13.
-4
What is -11000 (base 2) in base 10?
-24
2 (base 9) to base 10
2
7a (base 11) to base 14
63
-64 (base 9) to base 3
-2011
What is 7 (base 10) in base 7?
10
Convert 131 (base 6) to base 5.
210
c6 (base 16) to base 5
1243
Convert 60 (base 12) to base 8.
110
-7 (base 11) to base 6
-11
What is -101000 (base 2) in base 5?
-130
Convert -1a (base 13) to base 7.
-32
-e1 (base 15) to base 14
-111
2 (base 3) to base 4
2
What is -10010100 (base 2) in base 13?
-b5
Convert -24 (base 10) to base 5.
-44
What is 32 (base 4) in base 9?
15
Convert 3232 (base 4) to base 8.
356
What is 130 (base 7) in base 10?
70
-102 (base 3) to base 15
-b
Convert -221 (base 7) to base 11.
-a3
12c (base 14) to base 8
354
Convert 3 (base 8) to base 6.
3
What is 32 (base 7) in base 15?
18
-31 (base 12) to base 3
-1101
What is 100100 (base 2) in base 3?
1100
0 (base 9) to base 11
0
10 (base 3) to base 8
3
What is 110 (base 8) in base 3?
2200
Convert -1003 (base 4) to base 11.
-61
What is 2 (base 5) in base 6?
2
-32 (base 9) to base 8
-35
What is 25 (base 7) in base 2?
10011
-2 (base 12) to base 13
-2
Convert 1d (base 14) to base 5.
102
What is 2 (base 4) in base 15?
2
What is -5a (base 11) in base 8?
-101
What is 1012 (base 3) in base 15?
22
342 (base 8) to base 14
122
What is 11 (base 6) in base 9?
7
What is -23 (base 12) in base 4?
-123
What is 10 (base 3) in base 15?
3
What is -3 (base 15) in base 16?
-3
Convert -68 (base 9) to base 2.
-111110
-100 (base 3) to base 4
-21
What is -408 (base 9) in base 2?
-101001100
-101 (base 2) to base 3
-12
Convert -7 (base 11) to base 14.
-7
Convert 10111 (base 2) to base 10.
23
Convert 4 (base 10) to base 4.
10
21 (base 13) to base 8
33
Convert -22 (base 11) to base 13.
-1b
-30 (base 15) to base 3
-1200
What is 10 (base 8) in base 16?
8
What is 1 (base 3) in base 8?
1
Convert -192 (base 12) to base 5.
-2004
105 (base 10) to base 3
10220
Convert -2 (base 6) to base 12.
-2
-5 (base 12) to base 10
-5
-3 (base 6) to base 3
-10
-1001010 (base 2) to base 9
-82
What is 3 (base 11) in base 4?
3
Convert -3 (base 10) to base 4.
-3
Convert 2 (base 6) to base 11.
2
What is -4 (base 9) in base 16?
-4
Convert 8 (base 15) to base 10.
8
2 (base 4) to base 10
2
-1 (base 14) to base 7
-1
-43 (base 6) to base 16
-1b
c (base 16) to base 5
22
-1 (base 7) to base 12
-1
Convert 0 (base 6) to base 5.
0
What is -7 (base 11) in base 16?
-7
Convert -41 (base 5) to base 6.
-33
Convert 20 (base 6) to base 7.
15
Convert c (base 14) to base 13.
c
Convert -80 (base 14) to base 8.
-160
What is -2 (base 10) in base 15?
-2
3 (base 11) to base 12
3
What is -68 (base 16) in base 3?
-10212
What is 34 (base 13) in base 6?
111
-12 (base 15) to base 2
-10001
What is -11 (base 3) in base 10?
-4
a5 (base 14) to base 9
171
What is -4 (base 5) in base 6?
-4
Convert -2 (base 8) to base 3.
-2
-1 (base 5) to base 14
-1
Convert -8 (base 12) to base 6.
-12
Convert -56 (base 7) to base 4.
-221
What is 3001 (base 4) in base 11?
166
What is 110 (base 3) in base 11?
11
Convert -1 (base 15) to base 9.
-1
8 (base 15) to base 12
8
What is 21 (base 3) in base 5?
12
What is 112 (base 9) in base 13?
71
What is 1 (base 7) in base 10?
1
-3a (base 16) to base 3
-2011
Convert 3 (base 7) to base 10.
3
Convert 1 (base 4) to base 14.
1
-2 (base 12) to base 9
-2
Convert -2 (base 16) to base 11.
-2
What is 10111 (base 3) in base 16?
5e
-1 (base 2) to base 11
-1
-8 (base 12) to base 16
-8
3 (base 16) to base 11
3
What is -55 (base 9) in base 4?
-302
What is 1 (base 4) in base 13?
1
Convert 190 (base 11) to base 12.
164
What is -5 (base 12) in base 7?
-5
-1001 (base 3) to base 14
-20
4 (base 8) to base 15
4
Convert 3 (base 15) to base 11.
3
Convert -3 (base 8) to base 16.
-3
-1 (base 13) to base 6
-1
What is -86 (base 11) in base 6?
-234
-42 (base 6) to base 2
-11010
10 (base 11) to base 10
11
-1 (base 11) to base 16
-1
-2 (base 7) to base 15
-2
What is -80 (base 16) in base 4?
-2000
-11100 (base 2) to base 8
-34
32 (base 12) to base 14
2a
-17 (base 10) to base 8
-21
2 (base 12) to base 2
10
Convert -8 (base 12) to base 4.
-20
Convert 2112 (base 3) to base 14.
4c
25 (base 6) to base 15
12
What is 13 (base 4) in base 6?
11
What is -36 (base 9) in base 5?
-113
Convert -6 (base 10) to base 7.
-6
What is -6 (base 13) in base 11?
-6
What is 10 (base 2) in base 15?
2
-4 (base 14) to base 8
-4
What is -101 (base 4) in base 9?
-18
What is -2 (base 14) in base 11?
-2
Convert 14 (base 15) to base 2.
10011
20 (base 3) to base 14
6
2 (base 6) to base 11
2
-6c (base 13) to base 2
-1011010
Convert -5 (base 6) to base 4.
-11
Convert -2 (base 16) to base 7.
-2
42 (base 10) to base 6
110
-100101 (base 3) to base 15
-11d
What is -105 (base 14) in base 4?
-3021
What is -221 (base 7) in base 3?
-11012
0 (base 4) to base 15
0
-12d (base 14) to base 2
-11101101
2 (base 14) to base 16
2
What is -11 (base 5) in base 9?
-6
What is 1014 (base 5) in base 11?
112
What is 0 (base 2) in base 16?
0
c (base 14) to base 16
c
30 (base 5) to base 13
12
What is 9 (base 13) in base 16?
9
What is 1 (base 10) in base 15?
1
-185 (base 9) to base 6
-422
Convert 0 (base 15) to base 8.
0
21222 (base 3) to base 16
d7
What is -11 (base 2) in base 3?
-10
Convert 24 (base 7) to base 5.
33
-2 (base 10) to base 11
-2
2132 (base 4) to base 11
134
Convert 4 (base 5) to base 8.
4
-67 (base 12) to base 6
-211
What is 42 (base 6) in base 16?
1a
27 (base 13) to base 15
23
What is -285 (base 9) in base 16?
-ef
4 (base 5) to base 8
4
Convert 10 (base 3) to base 13.
3
Convert 293 (base 11) to base 15.
17e
Convert 323 (base 5) to base 12.
74
Convert -1111 (base 2) to base 13.
-12
-12 (base 7) to base 10
-9
159 (base 10) to base 14
b5
Convert 213 (base 7) to base 16.
6c
What is 1 (base 16) in base 5?
1
-2c (base 15) to base 6
-110
Convert -5 (base 8) to base 6.
-5
-20 (base 9) to base 10
-18
What is 1201 (base 3) in base 10?
46
Convert -14 (base 6) to base 13.
-a
Convert 1 (base 13) to base 2.
1
Convert -52 (base 14) to base 12.
-60
-12 (base 7) to base 5
-14
-11111111 (base 2) to base 10
-255
Convert 20 (base 9) to base 14.
14
What is 12011 (base 3) in base 14?
9d
What is -20 (base 6) in base 15?
-c
-212 (base 4) to base 6
-102
-10 (base 10) to base 7
-13
3d (base 16) to base 2
111101
-165 (base 8) to base 15
-7c
What is 36 (base 14) in base 11?
44
What is 1 (base 10) in base 3?
1
Convert 3 (base 15) to base 12.
3
-266 (base 9) to base 12
-166
What is 37 (base 9) in base 12?
2a
Convert -1100 (base 4) to base 3.
-2222
-5 (base 8) to base 4
-11
What is -16 (base 10) in base 9?
-17
-3 (base 14) to base 16
-3
What is 100 (base 2) in base 10?
4
85 (base 15) to base 2
1111101
10 (base 8) to base 7
11
Convert 135 (base 13) to base 9.
256
Convert -1 (base 8) to base 15.
-1
Convert -1 (base 7) to base 14.
-1
What is 3 (base 16) in base 14?
3
What is -3 (base 4) in base 14?
-3
What is 4 (base 14) in base 12?
4
Convert 324 (base 5) to base 4.
1121
Convert 10 (base 2) to base 7.
2
Convert -1e (base 16) to base 10.
-30
6 (base 9) to base 7
6
27 (base 8) to base 13
1a
25 (base 15) to base 5
120
Convert 9a (base 12) to base 7.
226
-3 (base 4) to base 14
-3
-10 (base 15) to base 8
-17
-6 (base 7) to base 5
-11
-40 (base 8) to base 2
-100000
What is 3 (base 6) in base 13?
3
What is 19 (base 12) in base 9?
23
27 (base 11) to base 3
1002
What is -2 (base 12) in base 15?
-2
22 (base 4) to base 5
20
What is 3 (base 4) in base 16?
3
What is -11 (base 12) in base 6?
-21
6 (base 11) to base 10
6
What is 4 (base 10) in base 3?
11
Convert -2 (base 3) to base 6.
-2
What is 14 (base 8) in base 4?
30
-3b (base 14) to base 11
-49
Convert -2 (base 5) to base 16.
-2
242 (base 8) to base 12
116
What is -2 (base 14) in base 13?
-2
1444 (base 5) to base 7
504
What is 1005 (base 6) in base 7?
434
What is -337 (base 9) in base 5?
-2102
-5 (base 15) to base 12
-5
What is 100101 (base 2) in base 13?
2b
What is 42 (base 10) in